 -6, -f + 3*i - 11 = 0. Let k(p) = -19*p. What is k(f)?
-19
Let w(o) = -o**3 + 17*o**2 + 22*o - 76. Suppose -6*x + 11*x = -5*y + 125, y - 2*x = 4. Give w(y).
-4
Let y(w) = w - 7. Let z(c) = -7*c - 13. Let f be z(-2). Let a be ((0 - -3) + 2)/f. Calculate y(a).
-2
Let i(a) = a**2 + 12*a - 14. Let r be 4/(7*(8/18 + (-7704)/15876)). What is i(r)?
14
Let k = 9948 - 9957. Let c(h) = 2*h**2 + 19*h - 10. Determine c(k).
-19
Let c be (-6 + 6 - 74) + -1. Let i be c/20*4/(-3). Let b(q) = -4*q**2 + q**3 - 2*q - 3*q + 0*q**2. Calculate b(i).
0
Let z be (2/(-3) + 22 + 603/(-27))*-33. Let m(r) be the third derivative of 0 + z*r**2 + 0*r - 4/3*r**3 - 1/12*r**4. Calculate m(-6).
4
Let k = 240 - 247. Let a(r) = r**2 + 5*r - 1. Give a(k).
13
Suppose 201*i - 200*i = 2. Let s(q) = -1 + 1610*q**i + 6*q + 1 - 1604*q**2 + q**3. What is s(-4)?
8
Suppose 0 = -35*g + 1791 - 76. Let x be 14/4*(1680/g)/12. Let i(s) = -s**3 + 11*s**2 - 7*s - 2. What is i(x)?
28
Let s = -439 + 447. Suppose 0 = 6*y + s*y + 14. Let w(z) = 8*z. Calculate w(y).
-8
Let i(r) = -r**2 - 10*r. Suppose -5*q = -5, 10*t = 8*t + 2*q + 252. Let v = -136 + t. What is i(v)?
9
Let b be (159/106)/(6/2168). Let v = b + -549. Let m(q) = q**2 + 9*q + 6. Give m(v).
-8
Let j(y) = 2*y**2 + y - 1. Let i(r) be the first derivative of 3*r**2/2 - 53*r - 3. Let c be i(17). Give j(c).
5
Let r(d) = -28523*d - 7*d**2 - 2 - 86*d**2 + 28525*d. What is r(1)?
-93
Let m(r) = 20*r**2 + 21*r - 82. Let t be m(5). Let q = t - 524. Let x(l) = 43*l**3 - 1. Determine x(q).
-44
Let i(x) be the second derivative of 2*x**3/3 + x**2/2 - 286*x. Let b = -9 - -14. Give i(b).
21
Suppose -258 = 6*g - 270. Let f(s) = 6*s**2 - 5*s**g + s**2 + 5*s + s. Calculate f(-4).
8
Let a(x) = -4*x + 2. Let z(j) = 6*j - 3. Let r(f) = 7*a(f) + 5*z(f). Suppose 832 = 6*v + 652. Suppose v*t - 318 = 136*t. Determine r(t).
-7
Let l be (2/(-4))/((-1)/2). Let v(y) be the second derivative of 3*y**3/2 + y**2/2 + 67*y + 2. What is v(l)?
10
Let q(z) = -59 + 0*z**2 + 53 + 8*z + 2*z**2. Let f be q(-5). Suppose 3 - 4 = -3*t + f*j, -4 = -2*j. Let g(w) = -3*w. What is g(t)?
-9
Let f(j) = -8*j + 215. Let p be f(23). Suppose 11 = -6*a - p. Let o(x) = -x**3 - 6*x**2 + 9*x - 10. Calculate o(a).
-24
Let i be (-7)/3 - (-8)/24. Let j(r) = 2 - r**2 - 7274*r**3 + 3*r - r + 7275*r**3. Calculate j(i).
-14
Suppose 6*i - 3*i + 2*v - 1827 = 0, 596 = i + 5*v. Let w(g) = 0 + g**2 + 7 + 612*g - i*g. Calculate w(-5).
27
Let c(s) = -s**3 + 22*s**2 - 121*s - 5. Let i be c(11). Let u(n) = n**2 + 4*n - 8. Let h(v) = -v**2 - 4*v + 7. Let k(x) = 7*h(x) + 6*u(x). Determine k(i).
-4
Let i be -35 - 0 - (377 - 391). Let q(n) = -n**2 - 26*n - 109. Calculate q(i).
-4
Let v(t) = -t**2 - 2*t + 2. Let x = 291 - 183. Suppose c = 5*c - x. Suppose -r + 0*i = -4*i - 19, c = 5*r - 3*i. Determine v(r).
-13
Let n(w) = w**3 + 11*w**2 - 11*w + 9. Suppose -17 - 16 = -3*y. Suppose y*t - 6*t = 25. Let p be 2 - 2/t*-1*-35. Give n(p).
-3
Let g(q) = q**3 - 8*q**2 - q + 10. Let j be -3*(-6)/(-9)*-2. Suppose -2*p + 22 = -4*i, j + 1 = -i. Suppose 0 = v - 3*f + p, -2*f = v + 2*f - 20. Calculate g(v).
2
Let l(a) = a**3 - 4*a**2 - 3*a. Suppose 1 - 121 = 889*i - 929*i. Give l(i).
-18
Let q(w) = -31*w**3 - w**2. Let g(a) = a**3 - 38*a**2 - 46*a - 8. Let o be g(-1). What is q(o)?
30
Suppose -18 = -39*m + 45*m. Let v(o) be the second derivative of -o**5/20 - o**4/4 + o**3/2 + 2*o**2 - 50*o. Give v(m).
-5
Let n(g) be the second derivative of g**4/12 - 83*g**2/2 + 3220*g. Give n(-10).
17
Suppose 0 = l + l - 8. Let u(h) = 4*h**2 - 3*h - 5. Let r be u(-1). Let i(j) = -163*j + 162*j - r + 6. What is i(l)?
0
Let y(n) = -n**2 + 2*n. Let r(a) = 4*a**2 - 17*a - 51. Let j(c) = -r(c) - 5*y(c). Let g(f) be the first derivative of j(f). Give g(-3).
1
Suppose 16*q = 47*q - 1612. Let d(i) = -9*i - i**2 - q + 97 - 39. Determine d(-9).
6
Let w(d) be the third derivative of d**4/2 + 5*d**3/6 + 10*d**2 - 110. Determine w(2).
29
Let d = 1828 + -1808. Let c(n) = 88*n**2 - 22*n**2 - n - d*n**2 - 26*n**2 - 24*n**2. Let u(r) = -r + 2. Let v be u(4). Calculate c(v).
-14
Let h(t) = 7*t - 3. Suppose 3*s + 20 = -7*s. Let k be -12*4*(-1)/(-8). Let w(l) = -l + 1. Let r(i) = k*w(i) + s*h(i). What is r(-1)?
8
Let d(g) = -g**3 - 21*g**2 - 2*g - 29. Let k be d(-21). Let a(w) = 21 - k - 8 - w - 1. What is a(-9)?
8
Let d = -9236 - -9253. Let p(j) = 4*j**2 - 66*j - 38. Determine p(d).
-4
Let h(y) = -2*y + 16. Let t be h(10). Let v be (6/t)/(9/(-12)). Let c be v + 1/(4 - 3). Let u(f) = f**2 + 2*f - 2. What is u(c)?
13
Suppose 7*i - 152 = 3*i. Suppose i*n - 50*n = -48. Let k(u) = 2*u + 3. Let b(h) = -5*h - 6. Let j(x) = -4*b(x) - 9*k(x). Give j(n).
5
Let a(k) be the first derivative of k**4/4 - k**2 + k - 217. Let p be (-20)/(2 - (1 - -3)). Let t be p/(-7) - (-28)/(-49). What is a(t)?
-3
Let k(q) be the first derivative of 0*q**2 + 0*q**4 + 10/3*q**3 - 1/20*q**5 + 0*q - 3. Let x(c) be the third derivative of k(c). Determine x(-1).
6
Let w be (51 + -31)*(-1)/4. Let u(p) = -17*p - 13. What is u(w)?
72
Let j(c) = 2*c - 15. Let l(z) = -z**2 + 31*z + 61. Let y be l(-2). Calculate j(y).
-25
Let j = 92 - 89. Suppose 5*r = 2*k - 31, 4*r + 19 = j*k + 2*r. Suppose -3*p - 10 = f - 0*f, k*f - 3*p = -6. Let v(a) = a**3 + 5*a**2 + a - 2. Give v(f).
10
Let g be ((30/(-4))/(-15))/(8/48). Let o(t) = 5*t - 17. Calculate o(g).
-2
Let r(a) = a**2 - 2*a + 1. Let c be r(2). Let x(m) = -56 - 58 - 56 - 13*m**2 - 57 + 3*m + 225. Calculate x(c).
-12
Let s(x) = -11*x**3 + x**2 - 14*x + 12. Let i(d) = -d**2 + 318*d - 316. Let y be i(1). Calculate s(y).
-12
Let w(t) = -33*t - 72. Let x(y) = -16*y - 32. Let b(u) = 5*w(u) - 11*x(u). Determine b(4).
36
Let l(x) be the first derivative of x**3/3 + 9*x**2/2 - 4*x + 166. Suppose -5*i = -4*o - 2*i - 37, -1 = o + 2*i. Give l(o).
-18
Let i(k) = 1025*k - 145*k - 890*k. Suppose 0 = -5*r + 3 - 8. Determine i(r).
10
Suppose -174*m - 75*m + 43*m = -824. Let f(p) be the first derivative of -42 + 1/4*p**m + p + p**3 + 1/2*p**2. Give f(-3).
-2
Let r(z) = -z**3 - 8*z**2 + 10*z + 15. Let u be r(-9). Suppose 32*p - 29*p = -u. Let o(c) = 2*c**2 + c + 2. Determine o(p).
8
Let c = -120 + 123. Let d(z) be the first derivative of 0*z**2 + 2*z - 7 + 1/3*z**c. Determine d(0).
2
Let h be (-135)/18*(-4)/(-6). Let i(c) be the second derivative of -c**4/12 - 5*c**3/6 + 2*c**2 - 7214*c. Determine i(h).
4
Let w(f) = 3*f**2 + 3*f. Let j be w(-2). Let t(m) be the third derivative of m**4/8 - 13*m**3/6 - 12000*m**2. Give t(j).
5
Let s = 3482 + -3470. Let x(f) be the first derivative of s*f + 1/3*f**3 - 5 + 1/2*f**2 + 1/4*f**4. Determine x(0).
12
Let j(h) = 2*h**2 - 2*h + 3. Suppose 24*t + 6*t = -38*t + 2924. Let l be (-1)/(-1) - (-41 + 1). Let n = t - l. What is j(n)?
7
Suppose -10*a - 6 = 24. Let p(y) = -y + 1. Let v be p(a). Let d(t) = 26*t + 9. Let g(r) = 8*r + 3. Let m(w) = 3*d(w) - 10*g(w). Give m(v).
-11
Suppose 42*y + 1650 = 37*y. Let t = y + 324. Let d(a) = 2*a**2 + 13*a + 2. Determine d(t).
-4
Let a(z) = z**3 + 30*z**2 - z - 18. Let b = 123 + -153. Let p be a(b). Let l(v) = v - 9. What is l(p)?
3
Let x = 27 - -32. Suppose -6*r - x = -41. Let n(y) = y + 4. Calculate n(r).
1
Let u be (108/(-24))/(297/22 + -13). Let x(z) = 2*z + 13. Let r(v) = -6*v - 39. Let n(k) = 6*r(k) + 17*x(k). Give n(u).
5
Let l(i) = -34*i**3 - 72*i**2 + 31*i - 78. Let h(g) = -9*g**3 - 18*g**2 + 8*g - 20. Let q(a) = 15*h(a) - 4*l(a). What is q(-18)?
84
Let h(g) = 70*g - 93 + 75 + 245 - 15*g - 1. Determine h(-4).
6
Suppose k = 5*k - 12. Let h(s) be the first derivative of -s + 148. Let r(y) = -4*y + 8. Let i(g) = -5*h(g) - r(g). Calculate i(k).
9
Let n(b) be the first derivative of 3*b + 1/2*b**2 + 136. Let g = -4 + 2. Determine n(g).
1
Let d(r) = 2*r + 2. Suppose 71 = 3*l + 4*m, 4*l - 4*m + 2*m = 102. Suppose -3*u - a = l, -6*u = -3*u - 4*a + 5. What is d(u)?
-12
Let q(i) = 43*i - 554. Suppose -30*b + 3*s + 47 = -25*b, -5*s + 4 = -2*b. Calculate q(b).
5
Let a(o) = 12*o**2 - 122*o + 3. Let v(q) = -14*q**2 + 107*q - 3. Let g(s) = 7*a(s) + 8*v(s). Determine g(-2).
-119
Let v(w) = 106*w + 13*w**2 + 2 - 17*w**2 - 2*w + 0. Let r be v(26). Let g(n) = -2*n**2 + 4*n - 2. What is g(r)?
-2
Let y(m) = -27*m - 47. Let n(t) be the first derivative of 5*t**2/2 + 10*t - 149. Let q(p) = -11*n(p) - 2*y(p). What is q